{"id":233,"date":"2022-02-25T14:58:44","date_gmt":"2022-02-25T14:58:44","guid":{"rendered":"https:\/\/www.kalibraceteplomeru.cz\/?page_id=233"},"modified":"2025-06-11T14:04:16","modified_gmt":"2025-06-11T14:04:16","slug":"skoleni-a-vzdelavani","status":"publish","type":"page","link":"https:\/\/www.kalibraceteplomeru.cz\/?page_id=233","title":{"rendered":"\u0160kolen\u00ed a vzd\u011bl\u00e1v\u00e1n\u00ed"},"content":{"rendered":"\n<p style=\"font-size:16px\">V\u0161ichni na\u0161i pracovn\u00edci pravideln\u011b nav\u0161t\u011bvuj\u00ed \u0161kolen\u00ed a d\u00e1le se vzd\u011bl\u00e1vaj\u00ed. Zde je uveden seznam \u0161kolen\u00ed a vzd\u011bl\u00e1v\u00e1n\u00ed, kter\u00fdch se na\u0161i pracovn\u00edci \u00fa\u010dastnili.<\/p>\n\n\n\n<div style=\"height:17px\" aria-hidden=\"true\" class=\"wp-block-spacer\"><\/div>\n\n\n\n<div class=\"wp-block-columns is-layout-flex wp-container-core-columns-is-layout-9d6595d7 wp-block-columns-is-layout-flex\">\n<div class=\"wp-block-column is-layout-flow wp-block-column-is-layout-flow\" style=\"flex-basis:66.66%\">\n<p><\/p>\n\n\n\n<p><\/p>\n\n\n\n<figure class=\"wp-block-table is-style-stripes\" style=\"font-size:16px\"><table><tbody><tr><td>2.6.2025<\/td><td>Semin\u00e1\u0159 \u010cIA k \u00fakolu PRM VII\/5\/24 &#8222;Aspekty kalibrace m\u011b\u0159idel vlhkosti vzduchu a jejich interpretace v podob\u011b p\u0159\u00edlohy OA&#8220;<\/td><\/tr><tr><td>5 a 6.11.2024<\/td><td>66. odborn\u00e1 konfrence \u010cKS<\/td><\/tr><tr><td>14. 10. 2024<\/td><td>Semin\u00e1\u0159 \u010cIA<\/td><\/tr><tr><td>25. 9. 2024<\/td><td>Odborn\u00fd semin\u00e1\u0159 s n\u00e1zvem &#8222;M\u011b\u0159en\u00ed a kalibrace p\u00edstov\u00fdch objemov\u00fdch m\u011b\u0159idel&#8220;<\/td><\/tr><tr><td>7 a 8. 11. 2023<\/td><td>64. Konference \u010cKS<\/td><\/tr><tr><td>12 a 13. 9. 2023<\/td><td>Odborn\u00fd semin\u00e1\u0159 \u010cSK: Kalibrace a m\u011b\u0159en\u00ed teploty a vlhkosti<\/td><\/tr><tr><td>23. 5. 2023<\/td><td>Kurz \u010cMS: Nov\u00e9 trendy a digitalizace v metrologii<\/td><\/tr><tr><td>25 a 26. 4. 2023<\/td><td>63. Konference \u010cKS<\/td><\/tr><tr><td>29. 3. 2023<\/td><td>\u010cMS: M\u011b\u0159en\u00ed mal\u00fdch hmotnost\u00ed a m\u011b\u0159en\u00ed mal\u00fdch objem\u016f pomoc\u00ed p\u00edstov\u00fdch pipet.<\/td><\/tr><tr><td>22 a 3. 11. 2022<\/td><td>62. konference \u010cKS<\/td><\/tr><tr><td>24 a 26. 10. 2022<\/td><td>Semin\u00e1\u0159 \u010cKS: &#8222;Nejistoty m\u011b\u0159en\u00ed&#8220;<\/td><\/tr><tr><td>4. 10. 2022<\/td><td>Semin\u00e1\u0159 \u010cIA &#8222;Syst\u00e9m kvality&#8220;<\/td><\/tr><tr><td>11. 4. 2022<\/td><td>\u010cMS Praha: Anal\u00fdza  a statistick\u00e9 zpracov\u00e1n\u00ed dat I.<\/td><\/tr><tr><td>11. 10. 2021<\/td><td>\u010cMS Praha: \u0158\u00edzen\u00ed metrologie v organizaci. <\/td><\/tr><tr><td>5 a 6. 10. 2021<\/td><td>60. Odborn\u00e1 konference \u010cKS, Skalsk\u00fd Dv\u016fr<\/td><\/tr><tr><td>18 11. 2019<\/td><td>Kurz \u010cMS: Nejistota v nejistot\u00e1ch &#8211; teplota a tlak<\/td><\/tr><tr><td>22 a 23. 10. 2019<\/td><td>59. Odborn\u00e1 konference \u010cKS, Skalsk\u00fd Dv\u016fr<\/td><\/tr><tr><td>9. 10. 2019<\/td><td>Semin\u00e1\u0159 \u010cIA<\/td><\/tr><tr><td>15 a 16. 5. 2019<\/td><td>Lean Consluting: Revize normy \u010cSN EN ISO\/IEC 17025:2018 a prov\u00e1d\u011bn\u00ed anal\u00fdz rizik<\/td><\/tr><tr><td>9. 4. 2019<\/td><td>Semin\u00e1\u0159 \u010cIA: P\u0159\u00edstup k CMC a v\u00fdpo\u010det nejmen\u0161\u00edch nejistota &#8211; obor statick\u00fd objem<\/td><\/tr><tr><td>5. 12. 2018<\/td><td>Semin\u00e1\u0159 \u010cIA: Implementace normy \u010cSN EN ISO\/IEC 17025:2018<\/td><\/tr><tr><td>7 a 8. 11. 2018<\/td><td>57. Odborn\u00e1 konference \u010cKS, Skalsk\u00fd Dv\u016fr<\/td><\/tr><tr><td>15 a\u017e 17. 5. 2018<\/td><td>56. Konference \u010cKS, Skalsk\u00fd Dv\u016fr<\/td><\/tr><tr><td>3. 4. 2018<\/td><td>Syst\u00e9my jakosti: Management rizik<\/td><\/tr><tr><td>15. 3. 2018<\/td><td>Semin\u00e1\u0159 \u010cIA: V\u00fdsledky z \u00fakolu z PRM &#8211; obor teplota<\/td><\/tr><tr><td>1 a 2. 11. 2017<\/td><td>55. Konference \u010cKS, Skalsk\u00fd Dv\u016fr<\/td><\/tr><tr><td>18. 10. 2017<\/td><td>Kurz \u010cMS: \u0158\u00edzen\u00ed metrologie v organizaci<\/td><\/tr><tr><td>4. 10. 2017<\/td><td>Semin\u00e1\u0159 \u010cIA: Revize normy \u010cSN EN ISO\/IEC 17025<\/td><\/tr><tr><td>23 a\u017e 25. 2. 2017<\/td><td>\u010cMI: \u0160kola teploty a vlhkosti<\/td><\/tr><tr><td>17. 5. 2017<\/td><td>Syst\u00e9my jakosti: \u0161kolen\u00ed Metrolog v organizaci<\/td><\/tr><tr><td>11. 10. 2016<\/td><td>Semin\u00e1\u0159 \u010cKS: Kalibrace a m\u011b\u0159en\u00ed v oboru teplota<\/td><\/tr><tr><td>12. 7. 2016<\/td><td>\u010cMI: Z\u00edsk\u00e1na odborn\u00e1 zp\u016fsobilost pro kalibrace sklen\u011bn\u00fdch a indika\u010dn\u00edch teplom\u011br\u016f<\/td><\/tr><tr><td>15. 6. 2016<\/td><td>\u010cMI \u0161kolen\u00ed: Kalibrace sklen\u011bn\u00fdch a indika\u010dn\u00edch teplom\u011br\u016f<\/td><\/tr><tr><td>12. 6. 2016<\/td><td>Stali jsme se \u010dleny \u010cesk\u00e9ho kalibra\u010dn\u00edho sdru\u017een\u00ed<\/td><\/tr><tr><td>7. 6. 2016<\/td><td>Semin\u00e1\u0159 \u010cIA: Syst\u00e9m kvality<\/td><\/tr><tr><td>13. 5. 2016<\/td><td>\u010cMI \u0161kolen\u00ed: Kalibrace indika\u010dn\u00edch teplom\u011br\u016f, n\u00e1v\u0161t\u011bva kalibra\u010dn\u00ed laborato\u0159e \u010cMI Praha<\/td><\/tr><tr><td>20. 4. 2016<\/td><td>Kurz \u010cMS: Stanoven\u00ed nejistot p\u0159i m\u011b\u0159en\u00ed teploty<\/td><\/tr><tr><td>3. 5. 2015<\/td><td>N\u00e1v\u0161t\u011bva kalibra\u010dn\u00ed laborato\u0159e v N\u011bmecku<\/td><\/tr><tr><td>25. 9. 2014<\/td><td>Syst\u00e9my jakosti: \u0160kolen\u00ed metrologa kalibra\u010dn\u00ed laborato\u0159e<\/td><\/tr><tr><td>5. 3. 2014<\/td><td>\u0160kolen\u00ed z\u00e1stupce firmy Radwag, obsluha a \u00fadr\u017eba vah<\/td><\/tr><tr><td>13. 11. 2013<\/td><td>Semin\u00e1\u0159 \u010cIA: Syst\u00e9m kvality<\/td><\/tr><tr><td>24 a 25. 1. 2013<\/td><td>Syst\u00e9my jakosti: Intern\u00ed kalibrace m\u011b\u0159idel<\/td><\/tr><tr><td>3. 5. 2012<\/td><td>Syst\u00e9my jakosti: \u0160kolen\u00ed mana\u017eera kvality<\/td><\/tr><tr><td>11. 2012<\/td><td>Prvn\u00ed akreditace na\u0161\u00ed kalibra\u010dn\u00ed laborato\u0159e<\/td><\/tr><\/tbody><\/table><\/figure>\n<\/div>\n\n\n\n<div class=\"wp-block-column is-layout-flow wp-block-column-is-layout-flow\" style=\"flex-basis:33.33%\"><div class=\"wp-block-image\">\n<figure class=\"alignright size-full is-resized\"><img loading=\"lazy\" decoding=\"async\" width=\"1024\" height=\"1024\" src=\"https:\/\/www.kalibraceteplomeru.cz\/wp-content\/uploads\/2025\/02\/2.jpg-1.webp\" alt=\"\" class=\"wp-image-464\" style=\"width:193px;height:auto\" srcset=\"https:\/\/www.kalibraceteplomeru.cz\/wp-content\/uploads\/2025\/02\/2.jpg-1.webp 1024w, https:\/\/www.kalibraceteplomeru.cz\/wp-content\/uploads\/2025\/02\/2.jpg-1-300x300.webp 300w, https:\/\/www.kalibraceteplomeru.cz\/wp-content\/uploads\/2025\/02\/2.jpg-1-150x150.webp 150w, https:\/\/www.kalibraceteplomeru.cz\/wp-content\/uploads\/2025\/02\/2.jpg-1-768x768.webp 768w, https:\/\/www.kalibraceteplomeru.cz\/wp-content\/uploads\/2025\/02\/2.jpg-1-100x100.webp 100w, https:\/\/www.kalibraceteplomeru.cz\/wp-content\/uploads\/2025\/02\/2.jpg-1-600x600.webp 600w\" sizes=\"auto, (max-width: 1024px) 100vw, 1024px\" \/><\/figure>\n<\/div><\/div>\n<\/div>\n\n\n\n<p><\/p>\n","protected":false},"excerpt":{"rendered":"<p>V\u0161ichni na\u0161i pracovn\u00edci pravideln\u011b nav\u0161t\u011bvuj\u00ed \u0161kolen\u00ed a d\u00e1le se vzd\u011bl\u00e1vaj\u00ed. Zde je uveden seznam \u0161kolen\u00ed a vzd\u011bl\u00e1v\u00e1n\u00ed, kter\u00fdch se na\u0161i pracovn\u00edci \u00fa\u010dastnili. 2.6.2025 Semin\u00e1\u0159 \u010cIA k \u00fakolu PRM VII\/5\/24 &#8222;Aspekty kalibrace m\u011b\u0159idel vlhkosti vzduchu a jejich interpretace v podob\u011b p\u0159\u00edlohy OA&#8220; 5 a 6.11.2024 66. odborn\u00e1 konfrence \u010cKS 14. 10. 2024 Semin\u00e1\u0159 \u010cIA 25. 9. [&hellip;]<\/p>\n","protected":false},"author":1,"featured_media":0,"parent":0,"menu_order":0,"comment_status":"closed","ping_status":"closed","template":"","meta":{"_monsterinsights_skip_tracking":false,"_monsterinsights_sitenote_active":false,"_monsterinsights_sitenote_note":"","_monsterinsights_sitenote_category":0,"footnotes":""},"class_list":["post-233","page","type-page","status-publish","hentry"],"_links":{"self":[{"href":"https:\/\/www.kalibraceteplomeru.cz\/index.php?rest_route=\/wp\/v2\/pages\/233","targetHints":{"allow":["GET"]}}],"collection":[{"href":"https:\/\/www.kalibraceteplomeru.cz\/index.php?rest_route=\/wp\/v2\/pages"}],"about":[{"href":"https:\/\/www.kalibraceteplomeru.cz\/index.php?rest_route=\/wp\/v2\/types\/page"}],"author":[{"embeddable":true,"href":"https:\/\/www.kalibraceteplomeru.cz\/index.php?rest_route=\/wp\/v2\/users\/1"}],"replies":[{"embeddable":true,"href":"https:\/\/www.kalibraceteplomeru.cz\/index.php?rest_route=%2Fwp%2Fv2%2Fcomments&post=233"}],"version-history":[{"count":17,"href":"https:\/\/www.kalibraceteplomeru.cz\/index.php?rest_route=\/wp\/v2\/pages\/233\/revisions"}],"predecessor-version":[{"id":476,"href":"https:\/\/www.kalibraceteplomeru.cz\/index.php?rest_route=\/wp\/v2\/pages\/233\/revisions\/476"}],"wp:attachment":[{"href":"https:\/\/www.kalibraceteplomeru.cz\/index.php?rest_route=%2Fwp%2Fv2%2Fmedia&parent=233"}],"curies":[{"name":"wp","href":"https:\/\/api.w.org\/{rel}","templated":true}]}}