{"id":265,"date":"2022-04-09T10:03:20","date_gmt":"2022-04-09T10:03:20","guid":{"rendered":"https:\/\/www.kalibraceteplomeru.cz\/?page_id=265"},"modified":"2022-04-09T10:03:22","modified_gmt":"2022-04-09T10:03:22","slug":"zpracovani-osobnich-udaju","status":"publish","type":"page","link":"https:\/\/www.kalibraceteplomeru.cz\/?page_id=265","title":{"rendered":"Zpracov\u00e1n\u00ed osobn\u00edch \u00fadaj\u016f"},"content":{"rendered":"\n<p><strong>Zpracov\u00e1n\u00ed osobn\u00edch \u00fadaj\u016f<\/strong><\/p>\n\n\n\n<p>Web prov\u00e1d\u00ed zpracov\u00e1n\u00ed Va\u0161ich osobn\u00edch \u00fadaj\u016f, abychom mohli odpov\u011bd\u011bt na Va\u0161i objedn\u00e1vku nebo dotaz, kter\u00fd jsme podali pomoc\u00ed formul\u00e1\u0159e.<\/p>\n\n\n\n<p><strong>Toto\u017enost a kontaktn\u00ed \u00fadaje spr\u00e1vce<\/strong><\/p>\n\n\n\n<p>Spr\u00e1vcem Va\u0161ich osobn\u00edch \u00fadaj\u016f je web www.kalibraceteplomeru.cz, kter\u00fd je provozov\u00e1n firmou Scanlab Praha s.r.o., se s\u00eddlem Dr. Marodyho 143\/20, 196 00 Praha 9, I\u010cO 24176753, (d\u00e1le jen \u201espr\u00e1vce\u201c).<\/p>\n\n\n\n<p>Kontaktn\u00ed \u00fadaje spr\u00e1vce jsou n\u00e1sleduj\u00edc\u00ed: adresa pro doru\u010dov\u00e1n\u00ed Dr. Marodyho 143\/20, 196 00 Praha 9, PS\u010c 196 00, adresa elektronick\u00e9 po\u0161ty info@kalibraceteplomeru.cz. Spr\u00e1vce nejmenoval pov\u011b\u0159ence pro ochranu osobn\u00edch \u00fadaj\u016f.<\/p>\n\n\n\n<p><strong>Pr\u00e1vn\u00ed z\u00e1klad zpracov\u00e1n\u00ed osobn\u00edch \u00fadaj\u016f<\/strong><\/p>\n\n\n\n<p>Pr\u00e1vn\u00edm z\u00e1kladem zpracov\u00e1n\u00ed Va\u0161ich osobn\u00edch \u00fadaj\u016f je skute\u010dnost, \u017ee toto zpracov\u00e1n\u00ed je nezbytn\u00e9 pro:<\/p>\n\n\n\n<p>Proveden\u00ed opat\u0159en\u00ed spr\u00e1vcem p\u0159ed uzav\u0159en\u00edm smlouvy ve smyslu \u010dl. 6 odst. 1 p\u00edsm. b) Na\u0159\u00edzen\u00ed Evropsk\u00e9ho parlamentu a Rady 2016\/679 o ochran\u011b fyzick\u00fdch osob v&nbsp;souvislosti se zpracov\u00e1n\u00edm osobn\u00edch \u00fadaj\u016f a o voln\u00e9m pohybu t\u011bchto \u00fadaj\u016f a o zru\u0161en\u00ed sm\u011brnice 95\/46\/ES (obecn\u00e9 na\u0159\u00edzen\u00ed o ochran\u011b osobn\u00edch \u00fadaj\u016f) (d\u00e1le jen \u201ena\u0159\u00edzen\u00ed\u201c).<\/p>\n\n\n\n<p><strong>\u00da\u010del zpracov\u00e1n\u00ed osobn\u00edch \u00fadaj\u016f<\/strong><\/p>\n\n\n\n<p>\u00da\u010delem zpracov\u00e1n\u00ed Va\u0161ich osobn\u00edch \u00fadaj\u016f je proveden\u00ed opat\u0159en\u00ed spr\u00e1vcem p\u0159ed uzav\u0159en\u00edm smlouvy \u2013 vy\u0159\u00edzen\u00ed objedn\u00e1vky nebo odpov\u011b\u010f na V\u00e1\u0161 dotaz pomoc\u00ed formul\u00e1\u0159e. Ze strany spr\u00e1vce nedoch\u00e1z\u00ed k&nbsp;automatick\u00e9mu individu\u00e1ln\u00edmu rozhodov\u00e1n\u00ed ve smyslu \u010dl. 22 na\u0159\u00edzen\u00ed.<\/p>\n\n\n\n<p><strong>Doba ulo\u017een\u00ed osobn\u00edch \u00fadaj\u016f<\/strong><\/p>\n\n\n\n<p>Va\u0161e osobn\u00ed \u00fadaje budou zpracov\u00e1ny po dobu vy\u0159izov\u00e1n\u00ed objedn\u00e1vky nebo dotazu a tak\u00e9 v&nbsp;pr\u016fb\u011bhu n\u00e1sledn\u00e9 komunikace.<\/p>\n\n\n\n<p><strong>Dal\u0161\u00ed p\u0159\u00edjemci osobn\u00edch \u00fadaj\u016f<\/strong><\/p>\n\n\n\n<p>Dal\u0161\u00edmi p\u0159\u00edjemci Va\u0161ich osobn\u00edch \u00fadaj\u016f budou osoby zaji\u0161\u0165uj\u00edc\u00ed pro spr\u00e1vce dal\u0161\u00ed pracovn\u00edci, kte\u0159\u00ed zaji\u0161\u0165uj\u00ed provoz webov\u00fdch str\u00e1nek, v\u010detn\u011b vy\u0159izov\u00e1n\u00ed objedn\u00e1vek a tak\u00e9 prov\u00e1d\u011bj\u00ed odpov\u00edd\u00e1n\u00ed na Va\u0161e dotazy. Jedn\u00e1 se v\u017edy o p\u0159\u00edm\u00e9 zam\u011bstnance firmy Scanlab Praha s.r.o. Dal\u0161\u00edmi p\u0159\u00edjemci osobn\u00edch \u00fadaj\u016f jsou p\u0159epravn\u00ed spole\u010dnosti. T\u011bmto spole\u010dnostem p\u0159ed\u00e1v\u00e1me tyto informace: jm\u00e9no a p\u0159\u00edjmen\u00ed, organizaci a jej\u00ed adresu, telefon a email. Spr\u00e1vce nem\u00e1 v&nbsp;\u00famyslu p\u0159edat Va\u0161e osobn\u00ed \u00fadaje do t\u0159et\u00ed zem\u011b (do zem\u011b mimo EU) nebo mezin\u00e1rodn\u00ed organizaci.<\/p>\n\n\n\n<p><strong>Doba zpracov\u00e1n\u00ed a ulo\u017een\u00ed osobn\u00edch \u00fadaj\u016f<\/strong><\/p>\n\n\n\n<p>Osobn\u00ed \u00fadaje budou zpracov\u00e1ny po dobu vy\u0159\u00edzen\u00ed objedn\u00e1vky nebo dotazu a 10 let po jejich vy\u0159\u00edzen\u00ed.<\/p>\n\n\n\n<p><strong>Pr\u00e1va subjektu \u00fadaj\u016f<\/strong><\/p>\n\n\n\n<p>Za podm\u00ednek stanoven\u00fdch v&nbsp;na\u0159\u00edzen\u00ed m\u00e1te pr\u00e1vo po\u017eadovat od spr\u00e1vce p\u0159\u00edstup k&nbsp;Va\u0161im osobn\u00edm \u00fadaj\u016fm, pr\u00e1vo na opravu nebo v\u00fdmaz Va\u0161ich osobn\u00edch \u00fadaj\u016f, pop\u0159\u00edpad\u011b omezen\u00ed jejich zpracov\u00e1n\u00ed, pr\u00e1vo vzn\u00e9st n\u00e1mitku proti zpracov\u00e1n\u00ed Va\u0161ich osobn\u00edch \u00fadaj\u016f a d\u00e1le pr\u00e1vo na p\u0159enositelnost Va\u0161ich osobn\u00edch \u00fadaj\u016f.<\/p>\n\n\n\n<p>Pokud byste se domn\u00edval(a), \u017ee zpracov\u00e1n\u00ed Va\u0161ich osobn\u00edch \u00fadaj\u016f bylo poru\u0161eno \u010di je poru\u0161ov\u00e1no na\u0159\u00edzen\u00ed, m\u00e1te mimo jin\u00e9 pr\u00e1vo podat st\u00ed\u017enost u dozorov\u00e9ho \u00fa\u0159adu. Nem\u00e1te povinnost osobn\u00ed \u00fadaje poskytnout. Poskytnut\u00ed Va\u0161ich osobn\u00edch \u00fadaj\u016f je nutn\u00fdm po\u017eadavkem vy\u0159\u00edzen\u00ed objedn\u00e1vky a\/nebo Va\u0161eho dotazu. &nbsp;<\/p>\n","protected":false},"excerpt":{"rendered":"<p>Zpracov\u00e1n\u00ed osobn\u00edch \u00fadaj\u016f Web prov\u00e1d\u00ed zpracov\u00e1n\u00ed Va\u0161ich osobn\u00edch \u00fadaj\u016f, abychom mohli odpov\u011bd\u011bt na Va\u0161i objedn\u00e1vku nebo dotaz, kter\u00fd jsme podali pomoc\u00ed formul\u00e1\u0159e. Toto\u017enost a kontaktn\u00ed \u00fadaje spr\u00e1vce Spr\u00e1vcem Va\u0161ich osobn\u00edch \u00fadaj\u016f je web www.kalibraceteplomeru.cz, kter\u00fd je provozov\u00e1n firmou Scanlab Praha s.r.o., se s\u00eddlem Dr. Marodyho 143\/20, 196 00 Praha 9, I\u010cO 24176753, (d\u00e1le jen \u201espr\u00e1vce\u201c). [&hellip;]<\/p>\n","protected":false},"author":1,"featured_media":0,"parent":0,"menu_order":0,"comment_status":"closed","ping_status":"closed","template":"","meta":{"_monsterinsights_skip_tracking":false,"_monsterinsights_sitenote_active":false,"_monsterinsights_sitenote_note":"","_monsterinsights_sitenote_category":0,"footnotes":""},"class_list":["post-265","page","type-page","status-publish","hentry"],"_links":{"self":[{"href":"https:\/\/www.kalibraceteplomeru.cz\/index.php?rest_route=\/wp\/v2\/pages\/265","targetHints":{"allow":["GET"]}}],"collection":[{"href":"https:\/\/www.kalibraceteplomeru.cz\/index.php?rest_route=\/wp\/v2\/pages"}],"about":[{"href":"https:\/\/www.kalibraceteplomeru.cz\/index.php?rest_route=\/wp\/v2\/types\/page"}],"author":[{"embeddable":true,"href":"https:\/\/www.kalibraceteplomeru.cz\/index.php?rest_route=\/wp\/v2\/users\/1"}],"replies":[{"embeddable":true,"href":"https:\/\/www.kalibraceteplomeru.cz\/index.php?rest_route=%2Fwp%2Fv2%2Fcomments&post=265"}],"version-history":[{"count":1,"href":"https:\/\/www.kalibraceteplomeru.cz\/index.php?rest_route=\/wp\/v2\/pages\/265\/revisions"}],"predecessor-version":[{"id":267,"href":"https:\/\/www.kalibraceteplomeru.cz\/index.php?rest_route=\/wp\/v2\/pages\/265\/revisions\/267"}],"wp:attachment":[{"href":"https:\/\/www.kalibraceteplomeru.cz\/index.php?rest_route=%2Fwp%2Fv2%2Fmedia&parent=265"}],"curies":[{"name":"wp","href":"https:\/\/api.w.org\/{rel}","templated":true}]}}